-10) - -5. Suppose -2*p = -a - 62, -4*p + 4*a + 102 + 18 = 0. Calculate the greatest common factor of y and p.
32
Let p(f) = -7*f + 7. Let n be p(-10). Let y = -62 - -73. Calculate the greatest common divisor of n and y.
11
Let n be -2 + 1 - 2 - -14. Let g(r) = 8*r - 1. Let b be g(7). What is the highest common factor of b and n?
11
Let f be 2/1 - (4 - (-182)/1). Let w be (-2)/(-3) + -2 + f/(-3). Let i = -33 - -57. Calculate the greatest common divisor of i and w.
12
Suppose -j = -4*s + 10, -3*j - s - s + 40 = 0. Let i = -5 + 32. Suppose -5*p + 355 = -t, -5*t + i = p - 18. What is the highest common factor of p and j?
10
Suppose -3*w + 5*h + 215 = 0, -329 = -w - 4*w + h. Suppose -68*y + w*y + 3 = 0. Calculate the greatest common factor of y and 8.
1
Let n = 600 - 87. Let t = 258 - n. Let g be (-6)/(-1)*t/(-34). Calculate the highest common factor of g and 18.
9
Let v be 0/(-21) - (0 + -27). Suppose -v*k + 31*k = -68. Let d = 23 + k. What is the greatest common divisor of d and 4?
2
Suppose 6*s + 4*t - 168 = 4*s, 0 = 5*s + 2*t - 412. Suppose -340 = s*l - 86*l. Calculate the greatest common factor of l and 17.
17
Let g(v) = 2*v**2 - v. Let q be g(-2). Let l(k) = -k - 2. Let f be l(9). Let d = -6 - f. Calculate the highest common factor of q and d.
5
Let s(b) = -b**2 - 30*b - 161. Let q be s(-22). What is the highest common factor of 2895 and q?
15
Let f = 82 + 65. Suppose 27 = -4*s + f. What is the highest common divisor of 10 and s?
10
Let y = -6 - -9. Let g(l) = -86*l - 341. Let v be g(-4). Calculate the highest common divisor of v and y.
3
Let t = -107 + 202. What is the greatest common factor of t and 38?
19
Suppose -4*k - 16 = 0, 158 = 3*p - 3*k + 1085. Let y be (1 + p/(-2))*2. Let l(u) = 26*u + 9. Let z be l(1). What is the highest common divisor of y and z?
35
Let h be (0/1 + -2)*1 - -12. Let q be (-784)/(-7) - h/(-2). Suppose -13 = -4*u + 39. Calculate the greatest common factor of q and u.
13
Suppose -a - 18 + 13 = d, 4 = -5*d + 2*a. Let t be 5*1 - (-1)/(-1). Let n be t - -53 - (-6)/d. Calculate the greatest common factor of n and 6.
6
Suppose 40*k = 32*k + 312. Calculate the highest common factor of 26 and k.
13
Let d = -296 - -373. What is the highest common factor of 7 and d?
7
Let g = -108 + -53. Let u = -85 - g. Calculate the highest common divisor of 38 and u.
38
Suppose -m = 4*m. Suppose -r + 4 = -m*r. Suppose o - 30 = -5*x, -6*o + o - 3*x = -106. What is the greatest common factor of r and o?
4
Let c be 15 - 0/(-1 - 0). Suppose 0 = z - 2*z + 2, -5*j - 3*z = -36. Let s(d) = 11*d - 6. Let g be s(j). Calculate the highest common divisor of c and g.
15
Let p = -301 - -322. Calculate the greatest common divisor of p and 9.
3
Let j be -2 - (-5)/((-10)/(-94)). Let l = j - 22. What is the highest common factor of 46 and l?
23
Suppose -26 + 1 = -5*s. Suppose 189 = -s*q + 6*q. What is the highest common factor of q and 27?
27
Let g(p) = -p**3 - 12*p**2 + p + 13. Let a be g(-12). Let w be (a - 0)*(-9 + 14). What is the greatest common divisor of 2 and w?
1
Suppose 598 = 66*r - 53*r. What is the greatest common factor of 23 and r?
23
Let i be 2/(-10) + (-165)/(-75). Let b = i - 0. Suppose 2*o + g - 108 = 0, 0 = o + b*g + 2*g - 54. Calculate the highest common factor of 36 and o.
18
Suppose 82*j - 66*j - 320 = 0. Calculate the highest common factor of j and 90.
10
Suppose 0 = 5*f - 10, x - 4*x - 4*f = -77. Let a = x + -28. Let y be (-47)/a + 10/(-25). Calculate the highest common divisor of y and 63.
9
Suppose 9*w = 4*w + 55. Suppose 0 = 8*j - w*j + 108. Let g = j + -20. Calculate the highest common divisor of g and 8.
8
Suppose 0 = 5*b + 12 - 52. Let t(q) be the second derivative of -q**3/6 + 25*q**2/2 + 6*q. Let l be t(b). What is the highest common divisor of l and 85?
17
Let b be 14/(-35) + 6*(-398)/(-20). Suppose n = 4*a - 443, n = 2*a - 104 - b. Suppose 30 = 5*v - 190. What is the highest common factor of a and v?
22
Suppose -5*l - 13 + 43 = 0. Suppose 3*s - 792 = -l*g + 2*g, 0 = -s - g + 264. What is the highest common factor of 24 and s?
24
Let m = 120 - 78. Suppose -41 = 8*z - 7*z. Let y = z + 69. What is the greatest common factor of m and y?
14
Suppose 0*v = 4*v - h + 2, 0 = 4*v + 3*h - 6. Suppose 5*u - 344 + 119 = v. Calculate the greatest common factor of 9 and u.
9
Suppose 4*d = -2*f + 32, 2*f - 3*d - 8 = -d. Calculate the greatest common divisor of 24 and f.
8
Suppose -2*p + 6 + 92 = 0. Let i = p + -27. What is the greatest common factor of 176 and i?
22
Let h(f) = -2*f + 45. Let k be h(16). Let d = -1 + 14. What is the highest common divisor of k and d?
13
Let z be (16/(-6))/((-14)/(-24)*76/(-798)). Let x(s) = 6*s + 2. Let q be x(5). Calculate the greatest common divisor of q and z.
16
Suppose -m + 6 = m. Suppose 0 = -5*g + 5*r + 640, -242 = -m*g + g - 5*r. What is the highest common divisor of g and 14?
14
Suppose -2*v + 4*v - 54 = 0. Suppose 4*k = -3*m + 750, 384 = -6*k + 8*k - 3*m. What is the highest common factor of k and v?
27
Suppose 2*l - 815 = 5*d + 2763, -2*l - 4*d + 3614 = 0. Calculate the highest common factor of 7 and l.
7
Suppose -d = 3*d - 480. Let x = 550 - 538. What is the highest common factor of x and d?
12
Let p = 97 - 57. Let h(z) = -z**3 + 23*z**2 - 21*z - 44. Let w be h(22). Let m = w + p. What is the greatest common factor of 9 and m?
9
Let u be ((-60)/(-45))/(16/1404). What is the greatest common factor of u and 65?
13
Suppose 2*g = -0*g - j + 6, 2*j - 3 = 5*g. Suppose -q = -33 + g. Calculate the highest common divisor of 160 and q.
32
Let b(k) = 5*k - 19. Let q be b(9). What is the highest common divisor of q and 234?
26
Let k = 1007 - 707. What is the highest common divisor of k and 120?
60
Suppose -16*t + 58*t - 15834 = 0. What is the greatest common factor of 26 and t?
13
Suppose 0 = -v + 2, 3*n - 77 = -0*n - v. Suppose 0 = 3*i + 5*w + 82, 3*i = -i - 3*w - 113. Let s = -24 - i. What is the highest common factor of s and n?
5
Let b = -8 + 9. Let h(t) = -11*t**3 - 2*t**2 + 2*t - 1. Let p be h(b). Let k be (-2)/6 - 148/p. What is the highest common divisor of k and 8?
4
Let v(b) = 3*b**2 - 3*b + 3. Suppose -5 = -4*j - 29. Let r be (9/j)/((-3)/6). Let x be v(r). Calculate the greatest common divisor of x and 14.
7
Let b be (-660)/(-35) + (-48)/56. Let k(c) = 2*c**2 + 7*c + 3. Let i be k(-5). What is the highest common divisor of b and i?
18
Suppose d - 170 - 232 = -4*m, 0 = -d + 2. What is the highest common factor of 28 and m?
4
Let x(w) = w**2 + 3*w - 3. Let p be x(-6). Let r be (-2 + p/6)*6. Let z = 48 - 33. Calculate the greatest common factor of z and r.
3
Suppose -2*z = -5*b + 226, 3*b + 4*z - 43 - 103 = 0. What is the greatest common factor of b and 1679?
23
Let p(j) = 39*j - 203. Let x be p(6). What is the highest common factor of 1271 and x?
31
Suppose 186 = 4*n - 1550. Let q = -277 + n. Suppose -461 = -4*f - q. What is the highest common divisor of f and 19?
19
Suppose 0 = 4*f - 2*f - 228. Suppose -6*s - 6 = -f. Suppose 3*z = 4*q - 57, 4 + 22 = 2*q - 2*z. Calculate the highest common factor of q and s.
18
Let z = 126 - 104. Suppose 0 = -4*w + 4*q + 596, 0*w + 3*w + 4*q = 482. What is the greatest common factor of w and z?
22
Let i = 235 - 213. Let f = 9 + -4. Suppose -f*a = 3*q - 17 - 23, a = -2*q + i. Calculate the greatest common divisor of q and 2.
2
Let b be 16/(-24) - (-70)/6. Let q(x) be the first derivative of x**2 - 2*x + 7. Let o be q(b). What is the highest common divisor of o and 50?
10
Suppose 5938 = -5*y + 19393. Calculate the greatest common divisor of y and 117.
117
Let a = 923 + -572. What is the highest common divisor of a and 13?
13
Let b(l) = -7*l + 2. Let j be b(3). Let u = j - -23. Suppose i + 2*w = 5*i - 4, 0 = 2*w - u. What is the greatest common divisor of i and 8?
2
Suppose 8*j = 4*j - 424. Let x = -52 - j. Calculate the greatest common divisor of 36 and x.
18
Suppose -101 = -3*s - 5*f, s = -3*f + f + 32. Let u = 22 + 83. What is the greatest common factor of s and u?
21
Suppose -g + i = 2*g - 1280, 3*g = -i + 1270. What is the highest common factor of g and 50?
25
Suppose -3934 = -7*n + 18543. What is the greatest common divisor of n and 19?
19
Let v(y) = -y**2 - 32*y - 228. Let j be v(-12). Let n be (-6)/(1 + (-15)/12). Calculate the highest common factor of n